{"id":1114,"date":"2025-07-24T06:56:01","date_gmt":"2025-07-24T06:56:01","guid":{"rendered":"https:\/\/escuelacoachingtranspersonal.com\/web\/?page_id=1114"},"modified":"2025-10-07T16:49:39","modified_gmt":"2025-10-07T16:49:39","slug":"politica-de-devoluciones","status":"publish","type":"page","link":"https:\/\/escuelacoachingtranspersonal.com\/web\/politica-de-devoluciones\/","title":{"rendered":"Pol\u00edtica de devoluciones"},"content":{"rendered":"\t\t<div data-elementor-type=\"wp-page\" data-elementor-id=\"1114\" class=\"elementor elementor-1114\" data-elementor-post-type=\"page\">\n\t\t\t\t<div class=\"elementor-element elementor-element-b4d4bfd e-con-full e-flex wpr-particle-no wpr-jarallax-no wpr-parallax-no wpr-sticky-section-no e-con e-parent\" data-id=\"b4d4bfd\" data-element_type=\"container\">\n\t\t\t\t<div class=\"elementor-element elementor-element-1a5b0a1 elementor-widget elementor-widget-heading\" data-id=\"1a5b0a1\" data-element_type=\"widget\" data-widget_type=\"heading.default\">\n\t\t\t\t<div class=\"elementor-widget-container\">\n\t\t\t\t\t<h2 class=\"elementor-heading-title elementor-size-default\">Pol\u00edtica de devoluciones<\/h2>\t\t\t\t<\/div>\n\t\t\t\t<\/div>\n\t\t\t\t<div class=\"elementor-element elementor-element-284d9ad elementor-widget elementor-widget-text-editor\" data-id=\"284d9ad\" data-element_type=\"widget\" data-widget_type=\"text-editor.default\">\n\t\t\t\t<div class=\"elementor-widget-container\">\n\t\t\t\t\t\t\t\t\t<p data-start=\"3636\" data-end=\"3907\">El presente documento establece las condiciones de devoluci\u00f3n aplicables a la compra de productos ofrecidos en el sitio web <a class=\"\" href=\"https:\/\/escuelacoachingtranspersonal.com\" target=\"_new\" rel=\"noopener\" data-start=\"3760\" data-end=\"3844\">https:\/\/escuelacoachingtranspersonal.com<\/a>, gestionado por<\/p><p>ESCUELA TRANSPERSONAL SL<\/p><p>CIF: B22552285<\/p><p>Domicilio Fiscal:<\/p><p>CTRA DISEMINADOS, KM. 8<\/p><p>PARCELA 1260<\/p><p>07240 SANT JOAN &#8211; (ILLES BALEARS)<br \/><br \/>Correo: info@escuelacoachingtranspersonal.com\u00a0<\/p><hr data-start=\"3909\" data-end=\"3912\" \/><h2 data-start=\"3914\" data-end=\"3938\">1. Productos vendidos<\/h2><p data-start=\"3940\" data-end=\"4060\">Actualmente, a trav\u00e9s del Sitio Web se comercializa un libro. La venta se realiza mediante la plataforma de pago Stripe.<\/p><hr data-start=\"4062\" data-end=\"4065\" \/><h2 data-start=\"4067\" data-end=\"4097\">2. Derecho de desistimiento<\/h2><h3 data-start=\"4099\" data-end=\"4130\">\u25b8 Libro en formato f\u00edsico<\/h3><p data-start=\"4131\" data-end=\"4392\">En caso de compra de un libro f\u00edsico, el cliente tiene derecho a desistir de la compra en un plazo de <strong data-start=\"4233\" data-end=\"4254\">14 d\u00edas naturales<\/strong> desde la recepci\u00f3n, siempre que el producto se encuentre en perfectas condiciones. Los gastos de devoluci\u00f3n correr\u00e1n a cargo del cliente.<\/p><h3 data-start=\"4394\" data-end=\"4438\">\u25b8 Libro en formato digital (si aplica)<\/h3><p data-start=\"4439\" data-end=\"4750\">Si el producto adquirido es un libro en formato digital (descargable), <strong data-start=\"4510\" data-end=\"4540\">no se admiten devoluciones<\/strong> una vez realizada la compra, de acuerdo con lo establecido en el art\u00edculo 103 del Real Decreto Legislativo 1\/2007, por tratarse de un contenido digital suministrado con el consentimiento previo del consumidor.<\/p><hr data-start=\"4752\" data-end=\"4755\" \/><h2 data-start=\"4757\" data-end=\"4817\">3. Procedimiento para ejercer el derecho de desistimiento<\/h2><p data-start=\"4819\" data-end=\"4901\">El usuario deber\u00e1 enviar un correo electr\u00f3nico a <strong data-start=\"4868\" data-end=\"4890\"><a class=\"cursor-pointer\" rel=\"noopener\" data-start=\"4870\" data-end=\"4888\">info@escuelacoachingtranspersonal.com<\/a><\/strong><\/p><p data-start=\"4819\" data-end=\"4901\">\u00a0indicando:<\/p><ul data-start=\"4903\" data-end=\"5000\"><li data-start=\"4903\" data-end=\"4922\"><p data-start=\"4905\" data-end=\"4922\">N\u00famero de pedido.<\/p><\/li><li data-start=\"4923\" data-end=\"4941\"><p data-start=\"4925\" data-end=\"4941\">Nombre completo.<\/p><\/li><li data-start=\"4942\" data-end=\"4962\"><p data-start=\"4944\" data-end=\"4962\">Producto comprado.<\/p><\/li><li data-start=\"4963\" data-end=\"5000\"><p data-start=\"4965\" data-end=\"5000\">Motivo de la devoluci\u00f3n (opcional).<\/p><\/li><\/ul><p data-start=\"5002\" data-end=\"5120\">En caso de devoluciones aceptadas, el reembolso se realizar\u00e1 a trav\u00e9s del mismo m\u00e9todo de pago utilizado en la compra.<\/p>\t\t\t\t\t\t\t\t<\/div>\n\t\t\t\t<\/div>\n\t\t\t\t<\/div>\n\t\t\t\t<\/div>\n\t\t","protected":false},"excerpt":{"rendered":"<p>Pol\u00edtica de devoluciones El presente documento establece las condiciones de devoluci\u00f3n aplicables a la compra de productos ofrecidos en el sitio web https:\/\/escuelacoachingtranspersonal.com, gestionado por ESCUELA TRANSPERSONAL SL CIF: B22552285 Domicilio Fiscal: CTRA DISEMINADOS, KM. 8 PARCELA 1260 07240 SANT JOAN &#8211; (ILLES BALEARS) Correo: info@escuelacoachingtranspersonal.com\u00a0 1. Productos vendidos Actualmente, a trav\u00e9s del Sitio Web se comercializa un libro. La venta se realiza mediante la plataforma de pago Stripe. 2. Derecho de desistimiento \u25b8 Libro en formato f\u00edsico En caso de compra de un libro f\u00edsico, el cliente tiene derecho a desistir de la compra en un plazo de 14 d\u00edas naturales desde la recepci\u00f3n, siempre que el producto se encuentre en perfectas condiciones. Los gastos de devoluci\u00f3n correr\u00e1n a cargo del cliente. \u25b8 Libro en formato digital (si aplica) Si el producto adquirido es un libro en formato digital (descargable), no se admiten devoluciones una vez realizada la compra, de acuerdo con lo establecido en el art\u00edculo 103 del Real Decreto Legislativo 1\/2007, por tratarse de un contenido digital suministrado con el consentimiento previo del consumidor. 3. Procedimiento para ejercer el derecho de desistimiento El usuario deber\u00e1 enviar un correo electr\u00f3nico a info@escuelacoachingtranspersonal.com \u00a0indicando: N\u00famero de pedido. Nombre completo. Producto comprado. Motivo de la devoluci\u00f3n (opcional). En caso de devoluciones aceptadas, el reembolso se realizar\u00e1 a trav\u00e9s del mismo m\u00e9todo de pago utilizado en la compra.<\/p>\n","protected":false},"author":1,"featured_media":0,"parent":0,"menu_order":0,"comment_status":"closed","ping_status":"closed","template":"","meta":{"footnotes":""},"class_list":["post-1114","page","type-page","status-publish","hentry"],"yoast_head":"<!-- This site is optimized with the Yoast SEO plugin v26.7 - https:\/\/yoast.com\/wordpress\/plugins\/seo\/ -->\n<title>Pol\u00edtica de devoluciones - Escuela Coaching Transpersonal<\/title>\n<meta name=\"robots\" content=\"index, follow, max-snippet:-1, max-image-preview:large, max-video-preview:-1\" \/>\n<link rel=\"canonical\" href=\"https:\/\/escuelacoachingtranspersonal.com\/web\/politica-de-devoluciones\/\" \/>\n<meta property=\"og:locale\" content=\"es_ES\" \/>\n<meta property=\"og:type\" content=\"article\" \/>\n<meta property=\"og:title\" content=\"Pol\u00edtica de devoluciones - Escuela Coaching Transpersonal\" \/>\n<meta property=\"og:description\" content=\"Pol\u00edtica de devoluciones El presente documento establece las condiciones de devoluci\u00f3n aplicables a la compra de productos ofrecidos en el sitio web https:\/\/escuelacoachingtranspersonal.com, gestionado por ESCUELA TRANSPERSONAL SL CIF: B22552285 Domicilio Fiscal: CTRA DISEMINADOS, KM. 8 PARCELA 1260 07240 SANT JOAN &#8211; (ILLES BALEARS) Correo: info@escuelacoachingtranspersonal.com\u00a0 1. Productos vendidos Actualmente, a trav\u00e9s del Sitio Web se comercializa un libro. La venta se realiza mediante la plataforma de pago Stripe. 2. Derecho de desistimiento \u25b8 Libro en formato f\u00edsico En caso de compra de un libro f\u00edsico, el cliente tiene derecho a desistir de la compra en un plazo de 14 d\u00edas naturales desde la recepci\u00f3n, siempre que el producto se encuentre en perfectas condiciones. Los gastos de devoluci\u00f3n correr\u00e1n a cargo del cliente. \u25b8 Libro en formato digital (si aplica) Si el producto adquirido es un libro en formato digital (descargable), no se admiten devoluciones una vez realizada la compra, de acuerdo con lo establecido en el art\u00edculo 103 del Real Decreto Legislativo 1\/2007, por tratarse de un contenido digital suministrado con el consentimiento previo del consumidor. 3. Procedimiento para ejercer el derecho de desistimiento El usuario deber\u00e1 enviar un correo electr\u00f3nico a info@escuelacoachingtranspersonal.com \u00a0indicando: N\u00famero de pedido. Nombre completo. Producto comprado. Motivo de la devoluci\u00f3n (opcional). En caso de devoluciones aceptadas, el reembolso se realizar\u00e1 a trav\u00e9s del mismo m\u00e9todo de pago utilizado en la compra.\" \/>\n<meta property=\"og:url\" content=\"https:\/\/escuelacoachingtranspersonal.com\/web\/politica-de-devoluciones\/\" \/>\n<meta property=\"og:site_name\" content=\"Escuela Coaching Transpersonal\" \/>\n<meta property=\"article:publisher\" content=\"https:\/\/www.facebook.com\/escuelacoachingtranspersonal\" \/>\n<meta property=\"article:modified_time\" content=\"2025-10-07T16:49:39+00:00\" \/>\n<meta name=\"twitter:card\" content=\"summary_large_image\" \/>\n<meta name=\"twitter:label1\" content=\"Tiempo de lectura\" \/>\n\t<meta name=\"twitter:data1\" content=\"1 minuto\" \/>\n<script type=\"application\/ld+json\" class=\"yoast-schema-graph\">{\"@context\":\"https:\/\/schema.org\",\"@graph\":[{\"@type\":\"WebPage\",\"@id\":\"https:\/\/escuelacoachingtranspersonal.com\/web\/politica-de-devoluciones\/\",\"url\":\"https:\/\/escuelacoachingtranspersonal.com\/web\/politica-de-devoluciones\/\",\"name\":\"Pol\u00edtica de devoluciones - Escuela Coaching Transpersonal\",\"isPartOf\":{\"@id\":\"https:\/\/escuelacoachingtranspersonal.com\/web\/#website\"},\"datePublished\":\"2025-07-24T06:56:01+00:00\",\"dateModified\":\"2025-10-07T16:49:39+00:00\",\"breadcrumb\":{\"@id\":\"https:\/\/escuelacoachingtranspersonal.com\/web\/politica-de-devoluciones\/#breadcrumb\"},\"inLanguage\":\"es\",\"potentialAction\":[{\"@type\":\"ReadAction\",\"target\":[\"https:\/\/escuelacoachingtranspersonal.com\/web\/politica-de-devoluciones\/\"]}]},{\"@type\":\"BreadcrumbList\",\"@id\":\"https:\/\/escuelacoachingtranspersonal.com\/web\/politica-de-devoluciones\/#breadcrumb\",\"itemListElement\":[{\"@type\":\"ListItem\",\"position\":1,\"name\":\"Portada\",\"item\":\"https:\/\/escuelacoachingtranspersonal.com\/web\/\"},{\"@type\":\"ListItem\",\"position\":2,\"name\":\"Pol\u00edtica de devoluciones\"}]},{\"@type\":\"WebSite\",\"@id\":\"https:\/\/escuelacoachingtranspersonal.com\/web\/#website\",\"url\":\"https:\/\/escuelacoachingtranspersonal.com\/web\/\",\"name\":\"Escuela Coaching Transpersonal\",\"description\":\"\",\"publisher\":{\"@id\":\"https:\/\/escuelacoachingtranspersonal.com\/web\/#organization\"},\"potentialAction\":[{\"@type\":\"SearchAction\",\"target\":{\"@type\":\"EntryPoint\",\"urlTemplate\":\"https:\/\/escuelacoachingtranspersonal.com\/web\/?s={search_term_string}\"},\"query-input\":{\"@type\":\"PropertyValueSpecification\",\"valueRequired\":true,\"valueName\":\"search_term_string\"}}],\"inLanguage\":\"es\"},{\"@type\":\"Organization\",\"@id\":\"https:\/\/escuelacoachingtranspersonal.com\/web\/#organization\",\"name\":\"Escuela Coaching Transpersonal - Proyecto Ser\",\"url\":\"https:\/\/escuelacoachingtranspersonal.com\/web\/\",\"logo\":{\"@type\":\"ImageObject\",\"inLanguage\":\"es\",\"@id\":\"https:\/\/escuelacoachingtranspersonal.com\/web\/#\/schema\/logo\/image\/\",\"url\":\"https:\/\/escuelacoachingtranspersonal.com\/web\/wp-content\/uploads\/2025\/04\/logo.png\",\"contentUrl\":\"https:\/\/escuelacoachingtranspersonal.com\/web\/wp-content\/uploads\/2025\/04\/logo.png\",\"width\":288,\"height\":288,\"caption\":\"Escuela Coaching Transpersonal - Proyecto Ser\"},\"image\":{\"@id\":\"https:\/\/escuelacoachingtranspersonal.com\/web\/#\/schema\/logo\/image\/\"},\"sameAs\":[\"https:\/\/www.facebook.com\/escuelacoachingtranspersonal\",\"https:\/\/www.instagram.com\/escueladecoachingtranspersonal\/\",\"https:\/\/www.youtube.com\/channel\/UCKIigSxQQ15aXLoXyDYoKmg\"]}]}<\/script>\n<!-- \/ Yoast SEO plugin. -->","yoast_head_json":{"title":"Pol\u00edtica de devoluciones - Escuela Coaching Transpersonal","robots":{"index":"index","follow":"follow","max-snippet":"max-snippet:-1","max-image-preview":"max-image-preview:large","max-video-preview":"max-video-preview:-1"},"canonical":"https:\/\/escuelacoachingtranspersonal.com\/web\/politica-de-devoluciones\/","og_locale":"es_ES","og_type":"article","og_title":"Pol\u00edtica de devoluciones - Escuela Coaching Transpersonal","og_description":"Pol\u00edtica de devoluciones El presente documento establece las condiciones de devoluci\u00f3n aplicables a la compra de productos ofrecidos en el sitio web https:\/\/escuelacoachingtranspersonal.com, gestionado por ESCUELA TRANSPERSONAL SL CIF: B22552285 Domicilio Fiscal: CTRA DISEMINADOS, KM. 8 PARCELA 1260 07240 SANT JOAN &#8211; (ILLES BALEARS) Correo: info@escuelacoachingtranspersonal.com\u00a0 1. Productos vendidos Actualmente, a trav\u00e9s del Sitio Web se comercializa un libro. La venta se realiza mediante la plataforma de pago Stripe. 2. Derecho de desistimiento \u25b8 Libro en formato f\u00edsico En caso de compra de un libro f\u00edsico, el cliente tiene derecho a desistir de la compra en un plazo de 14 d\u00edas naturales desde la recepci\u00f3n, siempre que el producto se encuentre en perfectas condiciones. Los gastos de devoluci\u00f3n correr\u00e1n a cargo del cliente. \u25b8 Libro en formato digital (si aplica) Si el producto adquirido es un libro en formato digital (descargable), no se admiten devoluciones una vez realizada la compra, de acuerdo con lo establecido en el art\u00edculo 103 del Real Decreto Legislativo 1\/2007, por tratarse de un contenido digital suministrado con el consentimiento previo del consumidor. 3. Procedimiento para ejercer el derecho de desistimiento El usuario deber\u00e1 enviar un correo electr\u00f3nico a info@escuelacoachingtranspersonal.com \u00a0indicando: N\u00famero de pedido. Nombre completo. Producto comprado. Motivo de la devoluci\u00f3n (opcional). En caso de devoluciones aceptadas, el reembolso se realizar\u00e1 a trav\u00e9s del mismo m\u00e9todo de pago utilizado en la compra.","og_url":"https:\/\/escuelacoachingtranspersonal.com\/web\/politica-de-devoluciones\/","og_site_name":"Escuela Coaching Transpersonal","article_publisher":"https:\/\/www.facebook.com\/escuelacoachingtranspersonal","article_modified_time":"2025-10-07T16:49:39+00:00","twitter_card":"summary_large_image","twitter_misc":{"Tiempo de lectura":"1 minuto"},"schema":{"@context":"https:\/\/schema.org","@graph":[{"@type":"WebPage","@id":"https:\/\/escuelacoachingtranspersonal.com\/web\/politica-de-devoluciones\/","url":"https:\/\/escuelacoachingtranspersonal.com\/web\/politica-de-devoluciones\/","name":"Pol\u00edtica de devoluciones - Escuela Coaching Transpersonal","isPartOf":{"@id":"https:\/\/escuelacoachingtranspersonal.com\/web\/#website"},"datePublished":"2025-07-24T06:56:01+00:00","dateModified":"2025-10-07T16:49:39+00:00","breadcrumb":{"@id":"https:\/\/escuelacoachingtranspersonal.com\/web\/politica-de-devoluciones\/#breadcrumb"},"inLanguage":"es","potentialAction":[{"@type":"ReadAction","target":["https:\/\/escuelacoachingtranspersonal.com\/web\/politica-de-devoluciones\/"]}]},{"@type":"BreadcrumbList","@id":"https:\/\/escuelacoachingtranspersonal.com\/web\/politica-de-devoluciones\/#breadcrumb","itemListElement":[{"@type":"ListItem","position":1,"name":"Portada","item":"https:\/\/escuelacoachingtranspersonal.com\/web\/"},{"@type":"ListItem","position":2,"name":"Pol\u00edtica de devoluciones"}]},{"@type":"WebSite","@id":"https:\/\/escuelacoachingtranspersonal.com\/web\/#website","url":"https:\/\/escuelacoachingtranspersonal.com\/web\/","name":"Escuela Coaching Transpersonal","description":"","publisher":{"@id":"https:\/\/escuelacoachingtranspersonal.com\/web\/#organization"},"potentialAction":[{"@type":"SearchAction","target":{"@type":"EntryPoint","urlTemplate":"https:\/\/escuelacoachingtranspersonal.com\/web\/?s={search_term_string}"},"query-input":{"@type":"PropertyValueSpecification","valueRequired":true,"valueName":"search_term_string"}}],"inLanguage":"es"},{"@type":"Organization","@id":"https:\/\/escuelacoachingtranspersonal.com\/web\/#organization","name":"Escuela Coaching Transpersonal - Proyecto Ser","url":"https:\/\/escuelacoachingtranspersonal.com\/web\/","logo":{"@type":"ImageObject","inLanguage":"es","@id":"https:\/\/escuelacoachingtranspersonal.com\/web\/#\/schema\/logo\/image\/","url":"https:\/\/escuelacoachingtranspersonal.com\/web\/wp-content\/uploads\/2025\/04\/logo.png","contentUrl":"https:\/\/escuelacoachingtranspersonal.com\/web\/wp-content\/uploads\/2025\/04\/logo.png","width":288,"height":288,"caption":"Escuela Coaching Transpersonal - Proyecto Ser"},"image":{"@id":"https:\/\/escuelacoachingtranspersonal.com\/web\/#\/schema\/logo\/image\/"},"sameAs":["https:\/\/www.facebook.com\/escuelacoachingtranspersonal","https:\/\/www.instagram.com\/escueladecoachingtranspersonal\/","https:\/\/www.youtube.com\/channel\/UCKIigSxQQ15aXLoXyDYoKmg"]}]}},"_links":{"self":[{"href":"https:\/\/escuelacoachingtranspersonal.com\/web\/wp-json\/wp\/v2\/pages\/1114","targetHints":{"allow":["GET"]}}],"collection":[{"href":"https:\/\/escuelacoachingtranspersonal.com\/web\/wp-json\/wp\/v2\/pages"}],"about":[{"href":"https:\/\/escuelacoachingtranspersonal.com\/web\/wp-json\/wp\/v2\/types\/page"}],"author":[{"embeddable":true,"href":"https:\/\/escuelacoachingtranspersonal.com\/web\/wp-json\/wp\/v2\/users\/1"}],"replies":[{"embeddable":true,"href":"https:\/\/escuelacoachingtranspersonal.com\/web\/wp-json\/wp\/v2\/comments?post=1114"}],"version-history":[{"count":7,"href":"https:\/\/escuelacoachingtranspersonal.com\/web\/wp-json\/wp\/v2\/pages\/1114\/revisions"}],"predecessor-version":[{"id":1142,"href":"https:\/\/escuelacoachingtranspersonal.com\/web\/wp-json\/wp\/v2\/pages\/1114\/revisions\/1142"}],"wp:attachment":[{"href":"https:\/\/escuelacoachingtranspersonal.com\/web\/wp-json\/wp\/v2\/media?parent=1114"}],"curies":[{"name":"wp","href":"https:\/\/api.w.org\/{rel}","templated":true}]}}